 0, 3*p - 5*b - 770 = -3*b. Calculate the highest common factor of 8 and p.
4
Let k(l) = 2*l**2 + 14*l + 5. Let o be k(-7). Suppose -o*v + 4*n = -675, -v - 2*n - 2 = -137. Calculate the greatest common divisor of v and 15.
15
Let b(r) = r**3 - 8*r**2 + 10*r - 5. Let j be b(8). Suppose z = -3*i - 0*z + j, 0 = 3*i - 4*z - 60. Calculate the greatest common divisor of i and 96.
24
Let y be (-4)/(-18) + 49/63. Let p(l) = -20*l**2 - l + 1. Let w be p(y). Let f be (88/(-10))/(4/w). Calculate the greatest common divisor of f and 22.
22
Let k(y) = 7*y**2 + 2*y - 16. Let t be k(5). Let f be t/4 - ((-6)/8)/(-3). What is the highest common divisor of f and 12?
6
Suppose 4*h - q - 30 = -h, -2*h + 2*q = -4. Let x(w) = -2*w - 7. Let j be x(-6). Suppose -j*m - 5 = -40. What is the greatest common divisor of h and m?
7
Let g(i) = 11*i**2 - 32*i + 9. Let x be g(4). What is the greatest common divisor of 228 and x?
57
Let y(u) = 4*u + 30. Let b(n) = n**3 + 8*n**2 - 6*n + 21. Let j be b(-9). Let t be y(j). What is the greatest common divisor of 48 and t?
6
Let k = 21 - 10. Let g(n) = -23*n**3 - n**2 + 6*n + 6. Let j be g(-1). Calculate the greatest common divisor of j and k.
11
Let w(a) = 17*a - 174. Let f be w(11). Calculate the greatest common factor of 208 and f.
13
Suppose 8*h = -0*h + 8. Let x be 0 + -3 + h/3*339. What is the highest common divisor of x and 22?
22
Let w = -136 + 141. Calculate the highest common factor of 85 and w.
5
Let j(s) = 4*s**2 - 6*s - 6. Let u be j(4). Let z = u + -24. What is the greatest common divisor of 80 and z?
10
Suppose 5*k + 65 - 20 = 0. Let r be 2*45*(-15)/k. Let n be 2 - (-2)/(4/r). Calculate the greatest common divisor of n and 7.
7
Let q = 597 + -403. Let y = 42 + q. What is the highest common factor of y and 59?
59
Let w = -406 + 790. Suppose -293*p = -288*p - 240. Calculate the greatest common factor of w and p.
48
Suppose 3*p + 12 = 9*p. Let w be (-10 + 38)*(0 + p/4). Calculate the greatest common factor of 7 and w.
7
Let p be ((-2)/11 - 8600/(-110))/(-1). Let j = p - -87. What is the highest common divisor of 135 and j?
9
Suppose l = -2*y + 12, -7 - 3 = -2*y. Suppose -2 = l*k + 6, -r = -2*k - 81. Let u = r - 40. Calculate the highest common factor of 3 and u.
3
Let j = -532 + 1018. What is the highest common divisor of 12 and j?
6
Let o be (-6)/(-3) - (-254 + -6 - -3). What is the highest common factor of 74 and o?
37
Suppose p - 5 = 0, -2*v = 2*v + p - 25. Suppose 62 = -v*f + 172. Calculate the greatest common factor of f and 110.
22
Let f be (-3)/(-9)*33*1. Let m(y) = y**3 - 12*y + 2 - y**3 + y**3 - f*y**2. Let g be m(12). What is the greatest common divisor of 18 and g?
2
Let s = 127 + 25. What is the greatest common factor of s and 114?
38
Let y(u) = -1 + 18*u + 8 - 31*u**2 + u**3 + 12*u**2. Let c be y(18). Calculate the greatest common divisor of c and 56.
7
Suppose 2*m - 18 + 4 = 0. Let p be (-2)/6 - (-132)/18*1. Calculate the highest common factor of p and m.
7
Let u(x) = -29*x + 349. Let n be u(11). What is the greatest common divisor of n and 750?
30
Let o = 20 + -17. Suppose o*p + 2*u = 17, 22 = 5*p - 3*u - 0*u. Suppose -p*q + 43 = -2. What is the greatest common factor of q and 6?
3
Let o be 16/(-5)*(-15)/6. What is the greatest common factor of 136 and o?
8
Suppose -2816 = 48*f - 56*f. What is the highest common factor of f and 11?
11
Let a be 0/(-2) + 73 + -1. Let u(j) = -j**3 + 3*j**2 - 2*j + 3. Let v be u(2). Let f be 5 + (-3 - v) + 1 + 9. What is the greatest common factor of f and a?
9
Suppose 0 = 25*h - 916 + 116. Let y be (1 - 0)/(2/(-10)). Let d be (19 + 1)*(-12)/y. Calculate the highest common factor of d and h.
16
Let n(q) = -q + 26. Let o be n(11). Let a = -9 + o. Let s be 269/a + 3/18. What is the greatest common divisor of 5 and s?
5
Suppose 4*m + v = 495, -m + 3*v + 128 = -v. Calculate the highest common factor of m and 1054.
62
Let t(n) = 5*n**2 - 13*n - 9. Let y be t(-3). What is the highest common divisor of 1425 and y?
75
Suppose -10*v = -2654 - 4306. Calculate the greatest common factor of v and 24.
24
Suppose y = -2*b + 39, 4*b + 5*y + 8 = 89. Let d(g) = g**3 - 3*g**2 - 9*g. Let k be d(7). What is the greatest common divisor of k and b?
19
Let f be -3 - (3 + -7 + -54). Let y = -33 + f. Let q(w) = -5*w**3 + 3*w**2 + 2*w - 2. Let v be q(-3). Calculate the highest common factor of v and y.
22
Let c = 364 - 343. What is the highest common factor of 147 and c?
21
Let x(h) = 6*h**2 + 7*h - 40. Let w be x(-7). Calculate the greatest common divisor of 164 and w.
41
Suppose -714 = 10*u - 2334. Calculate the highest common factor of u and 108.
54
Let i be (0 + -1)/(42/(-588)). Calculate the highest common divisor of 119 and i.
7
Suppose 3*l = 2*l + 2*o + 3, -3*o - 24 = -3*l. Suppose 3*k = 2 + l. Calculate the greatest common factor of 25 and k.
5
Suppose -339 = -4*t + k, -k - 173 = -2*t - 4*k. Calculate the greatest common factor of t and 34.
17
Suppose -5*g + 60 = -0*g. Let s(a) = -a**3 + 18*a**2 + 120. Let m be s(18). Calculate the highest common factor of m and g.
12
Suppose -13*y + 7945 = 2862. What is the highest common factor of 17 and y?
17
Suppose -4*q + 10 = q. Let h be 3 + -5 - (q - 29). Suppose -4*p + h = -7. Calculate the highest common factor of p and 88.
8
Let o(c) be the third derivative of 1/15*c**5 + 0 - 1/6*c**3 - 7/24*c**4 + c**2 + 0*c. Let v be o(3). What is the highest common factor of v and 56?
14
Suppose -4*o + 7*o = 18. Suppose 3*s - o*y + y - 45 = 0, -s - 3*y = -1. Let x be 1*(5 + 0) - 1. What is the highest common divisor of x and s?
2
Let r be ((-4)/(-6))/(14/777). Let n = -21 + r. Suppose -c = 6 - n. What is the greatest common divisor of 15 and c?
5
Suppose -22*r - 975 = -27*r. What is the greatest common divisor of 650 and r?
65
Let s = 19 + -9. Let r = s + -6. Calculate the greatest common factor of 32 and r.
4
Suppose -d - d = -10. Let a be 2 - ((-20)/d + 1). Calculate the greatest common divisor of 35 and a.
5
Suppose -2*w + 550 = m - w, 2*w + 2771 = 5*m. Suppose 2*f - 647 = m. Let v be (8/(-5))/((-10)/f). What is the highest common factor of v and 12?
12
Let t(s) be the second derivative of -s**5/20 - s**4/3 - s**3/6 + 6*s**2 + 2*s. Let o be t(-6). Calculate the highest common divisor of o and 10.
10
Suppose -3*h = h - 8. Let s(y) = y - 4. Let a be s(6). Let d be 0 + (-8)/(-4) + a. Calculate the greatest common divisor of h and d.
2
Suppose 4*r = -4*c + 100, 4*c = -7 + 11. Suppose -r*p - 4 = -26*p. Calculate the highest common divisor of 58 and p.
2
Let d = 137 - 117. Calculate the highest common factor of d and 230.
10
Let i be (84/15)/(2/50). Suppose -2*q - q - 2*j = -50, j = 5*q - 105. What is the highest common divisor of q and i?
20
Let w(l) = -2*l**3 - 12*l**2 - 20*l - 85. Let k be w(-6). What is the highest common factor of k and 115?
5
Suppose 18*l - 19*l - 4 = 3*x, -28 = -3*l - x. What is the highest common factor of 451 and l?
11
Let m = 0 - -60. Suppose -3*g + 31 = -89. Suppose -6*u = 3*l - u - g, -l - 5*u = 0. What is the highest common divisor of m and l?
20
Suppose -10 + 2 = -4*b. Suppose -4*t + 6*t - 16 = -b*n, -n = 3*t - 12. What is the highest common factor of n and 15?
3
Let l = -34 + 41. Let y(z) = -z**3 + 13*z**2 - 9*z - 7. Let a be y(l). Calculate the highest common factor of 14 and a.
14
Suppose 4*i = 2*i + o + 93, 0 = i + o - 51. Let x be 9 - ((-15)/(-5) - 2). Calculate the highest common factor of x and i.
8
Let c = 131 + 107. Let i = -5844 - -5858. What is the highest common divisor of c and i?
14
Suppose -5*z + 51 = -l, -16*z + 4*l = -20*z + 12. Suppose -4*g + 118 = 5*v, -2*v + 14 = 2*g - 44. What is the greatest common divisor of g and z?
9
Let k(f) = 4*f - 14. Let j be ((-1)/4)/(1/(-28)). Let a be k(j). What is the highest common factor of a and 98?
14
Suppose 9*w = 8*w + 8. Let u be 98/w + 9/(-36). Calculate the greatest common factor of 4 and u.
4
Let w be (-1896)/(-42) + 6/(-42). What is the greatest common divisor of w and 153?
9
Let o(s) = s**2 - s + 126. Let k be o(0). Let x(i) = 19*i**2 + 2*i + 1. Let j be x(-1). What is the greatest common factor of j and k?
18
Suppose 0 = -3*i - 6*i + 945. Let k = i + -36. What is the greatest common factor of 23 and k?
23
Let w be 2*3/(-12) + (-325)/(-10). Suppose 0 = r - 16 - w. Calcul